3297?
17, 7841
List the prime factors of 2332.
2, 11, 53
What are the prime factors of 1022?
2, 7, 73
List the prime factors of 2199.
3, 733
What are the prime factors of 1499?
1499
List the prime factors of 52.
2, 13
List the prime factors of 5044.
2, 13, 97
What are the prime factors of 748?
2, 11, 17
List the prime factors of 36193.
17, 2129
What are the prime factors of 1792?
2, 7
List the prime factors of 1879.
1879
What are the prime factors of 33910?
2, 5, 3391
What are the prime factors of 13776?
2, 3, 7, 41
List the prime factors of 5420.
2, 5, 271
What are the prime factors of 1588?
2, 397
List the prime factors of 89131.
7, 17, 107
List the prime factors of 1499.
1499
What are the prime factors of 1537?
29, 53
List the prime factors of 1760.
2, 5, 11
List the prime factors of 3117.
3, 1039
List the prime factors of 3570.
2, 3, 5, 7, 17
List the prime factors of 585.
3, 5, 13
List the prime factors of 37499.
7, 11, 487
List the prime factors of 7397.
13, 569
List the prime factors of 289.
17
List the prime factors of 16075.
5, 643
What are the prime factors of 22763?
13, 17, 103
List the prime factors of 15085.
5, 7, 431
List the prime factors of 1601.
1601
List the prime factors of 238.
2, 7, 17
List the prime factors of 2419.
41, 59
List the prime factors of 36242.
2, 18121
List the prime factors of 3803.
3803
What are the prime factors of 14660?
2, 5, 733
What are the prime factors of 17888?
2, 13, 43
List the prime factors of 7742.
2, 7, 79
List the prime factors of 12246.
2, 3, 13, 157
What are the prime factors of 15297?
3, 5099
What are the prime factors of 1307?
1307
What are the prime factors of 14331?
3, 17, 281
What are the prime factors of 1606?
2, 11, 73
List the prime factors of 1398.
2, 3, 233
List the prime factors of 722.
2, 19
List the prime factors of 239.
239
What are the prime factors of 99225?
3, 5, 7
What are the prime factors of 1197?
3, 7, 19
List the prime factors of 663.
3, 13, 17
List the prime factors of 52903.
52903
What are the prime factors of 173796?
2, 3, 7, 2069
List the prime factors of 303.
3, 101
List the prime factors of 44358.
2, 3, 7393
What are the prime factors of 25209?
3, 2801
List the prime factors of 1810.
2, 5, 181
What are the prime factors of 10783?
41, 263
What are the prime factors of 383?
383
What are the prime factors of 2171?
13, 167
List the prime factors of 110.
2, 5, 11
List the prime factors of 844.
2, 211
What are the prime factors of 6406?
2, 3203
What are the prime factors of 4324?
2, 23, 47
List the prime factors of 35741.
103, 347
List the prime factors of 1659.
3, 7, 79
List the prime factors of 3888.
2, 3
List the prime factors of 14840.
2, 5, 7, 53
What are the prime factors of 671?
11, 61
List the prime factors of 60995.
5, 11, 1109
List the prime factors of 54386.
2, 71, 383
List the prime factors of 7584.
2, 3, 79
What are the prime factors of 160?
2, 5
List the prime factors of 8771.
7, 179
List the prime factors of 1354.
2, 677
List the prime factors of 2794.
2, 11, 127
List the prime factors of 97925.
5, 3917
What are the prime factors of 16487?
16487
What are the prime factors of 9966?
2, 3, 11, 151
List the prime factors of 2706.
2, 3, 11, 41
What are the prime factors of 18164?
2, 19, 239
List the prime factors of 81112.
2, 10139
What are the prime factors of 96?
2, 3
What are the prime factors of 23637?
3, 7879
What are the prime factors of 84332?
2, 29, 727
What are the prime factors of 635?
5, 127
What are the prime factors of 6175?
5, 13, 19
What are the prime factors of 48939?
3, 11, 1483
What are the prime factors of 7277?
19, 383
List the prime factors of 20543.
20543
What are the prime factors of 4354?
2, 7, 311
List the prime factors of 49020.
2, 3, 5, 19, 43
List the prime factors of 5839.
5839
What are the prime factors of 230?
2, 5, 23
What are the prime factors of 136481?
136481
List the prime factors of 81235.
5, 7, 11, 211
What are the prime factors of 3076?
2, 769
List the prime factors of 2266.
2, 11, 103
What are the prime factors of 99298?
2, 131, 379
What are the prime factors of 153?
3, 17
What are the prime factors of 22358?
2, 7, 1597
List the prime factors of 55459.
31, 1789
List the prime factors of 15262.
2, 13, 587
List the prime factors of 676.
2, 13
What are the prime factors of 361?
19
What are the prime factors of 2947?
7, 421
List the prime factors of 258.
2, 3, 43
What are the prime factors of 1702?
2, 23, 37
What are the prime factors of 27150?
2, 3, 5, 181
List the prime factors of 105163.
103, 1021
What are the prime factors of 4109?
7, 587
List the prime factors of 2034.
2, 3, 113
List the prime factors of 2016.
2, 3, 7
What are the prime factors of 223?
223
List the prime factors of 2344.
2, 293
List the prime factors of 1864.
2, 233
What are the prime factors of 5849?
5849
List the prime factors of 3878.
2, 7, 277
What are the prime factors of 1174?
2, 587
What are the prime factors of 1960?
2, 5, 7
List the prime factors of 10655.
5, 2131
List the prime factors of 8950.
2, 5, 179
List the prime factors of 19273.
19273
List the prime factors of 24828.
2, 3, 2069
What are the prime factors of 1118?
2, 13, 43
List the prime factors of 3503.
31, 113
What are the prime factors of 6642?
2, 3, 41
List the prime factors of 2988.
2, 3, 83
List the prime factors of 78616.
2, 31, 317
What are the prime factors of 1601?
1601
What are the prime factors of 31027?
19, 23, 71
List the prime factors of 43.
43
List the prime factors of 3206.
2, 7, 229
What are the prime factors of 100748?
2, 89, 283
List the prime factors of 42485.
5, 29, 293
List the prime factors of 81998.
2, 7, 5857
List the prime factors of 1307.
1307
List the prime factors of 1406.
2, 19, 37
What are the prime factors of 5596?
2, 1399
What are the prime factors of 6099?
3, 19, 107
What are the prime factors of 6258?
2, 3, 7, 149
What are the prime factors of 86659?
19, 4561
What are the prime factors of 66076?
2, 16519
What are the prime factors of 11855?
5, 2371
List the prime factors of 35252.
2, 7, 1259
What are the prime factors of 224?
2, 7
What are the prime factors of 21427?
7, 3061
What are the prime factors of 1666?
2, 7, 17
What are the prime factors of 2079?
3, 7, 11
List the prime factors of 334.
2, 167
What are the prime factors of 8434?
2, 4217
What are the prime factors of 1345?
5, 269
What are the prime factors of 53980?
2, 5, 2699
What are the prime factors of 79752?
2, 3, 3323
What are the prime factors of 380?
2, 5, 19
List the prime factors of 17795.
5, 3559
What are the prime factors of 69327?
3, 7703
List the prime factors of 30396.
2, 3, 17, 149
What are the prime factors of 44352?
2, 3, 7, 11
What are the prime factors of 1717?
17, 101
What are the prime factors of 14276?
2, 43, 83
What are the prime factors of 15281?
7, 37, 59
What are the prime factors of 98962?
2, 49481
What are the prime factors of 1591?
37, 43
List the prime factors of 25524.
2, 3, 709
List the prime factors of 11534.
2, 73, 79
List the prime factors of 4809.
3, 7, 229
List the prime factors of 286.
2, 11, 13
List the prime factors of 446.
2, 223
What are the prime factors of 2652?
2, 3, 13, 17
List the prime factors of 23586.
2, 3, 3931
List the prime factors of 1124.
2, 281
What are the prime factors of 3968?
2, 31
List the prime factors of 6233.
23, 271
List the prime factors of 3522.
2, 3, 587
What are the prime factors of 1648?
2, 103
What are the prime factors of 11802?
2, 3, 7, 281
List the prime factors of 5892.
2, 3, 491
What are the prime factors of 749?
7, 107
What are the prime factors of 16562?
2, 7, 13
List the prime factors of 2108.
2, 17, 31
What are the prime factors of 13363?
7, 23, 83
List the prime factors of 1704.
2, 3, 71
List the prime factors of 19039.
79, 241
List the prime factors of 39435.
3, 5, 11, 239
List the prime factors of 9707.
17, 571
What are the prime factors of 21493?
21493
What are the prime factors of 16865?
5, 3373
What are the prime factors of 12628?
2, 7, 11, 41
What are the prime factors of 556?
2, 139
What are the prime factors of 621?
3, 23
What are the prime factors of 113699?
67, 1697
What are the prime factors of 1574?
2, 787
What are the prime factors of 13822?
2, 6911
List the prime factors of 37033.
29, 1277
What a